Last updated on 2025-07-24 20:49:42 CEST.
Flavor | Version | Tinstall | Tcheck | Ttotal | Status | Flags |
---|---|---|---|---|---|---|
r-devel-linux-x86_64-debian-clang | 1.1 | 5.86 | 60.04 | 65.90 | NOTE | |
r-devel-linux-x86_64-debian-gcc | 1.1 | 4.13 | 45.55 | 49.68 | NOTE | |
r-devel-linux-x86_64-fedora-clang | 1.1 | 108.24 | OK | |||
r-devel-linux-x86_64-fedora-gcc | 1.1 | 101.22 | OK | |||
r-devel-windows-x86_64 | 1.1 | 7.00 | 89.00 | 96.00 | OK | |
r-patched-linux-x86_64 | 1.1 | 5.81 | 57.15 | 62.96 | OK | |
r-release-linux-x86_64 | 1.1 | 5.12 | 57.39 | 62.51 | OK | |
r-release-macos-arm64 | 1.1 | 43.00 | OK | |||
r-release-macos-x86_64 | 1.1 | 59.00 | OK | |||
r-release-windows-x86_64 | 1.1 | 7.00 | 94.00 | 101.00 | OK | |
r-oldrel-macos-arm64 | 1.1 | 39.00 | OK | |||
r-oldrel-macos-x86_64 | 1.1 | 50.00 | OK | |||
r-oldrel-windows-x86_64 | 1.1 | 9.00 | 103.00 | 112.00 | OK |
Version: 1.1
Check: CRAN incoming feasibility
Result: NOTE
Maintainer: ‘Claudia Koellmann <koellmann@statistik.tu-dortmund.de>’
No Authors@R field in DESCRIPTION.
Please add one, modifying
Authors@R: person(given = "Claudia",
family = "Koellmann",
role = c("aut", "cre"),
email = "koellmann@statistik.tu-dortmund.de")
as necessary.
Flavors: r-devel-linux-x86_64-debian-clang, r-devel-linux-x86_64-debian-gcc