CRAN Package Check Results for Package tfruns

Last updated on 2025-07-23 20:50:59 CEST.

Flavor Version Tinstall Tcheck Ttotal Status Flags
r-devel-linux-x86_64-debian-clang 1.5.3 3.08 40.02 43.10 NOTE
r-devel-linux-x86_64-debian-gcc 1.5.3 2.16 32.03 34.19 NOTE
r-devel-linux-x86_64-fedora-clang 1.5.3 68.21 OK
r-devel-linux-x86_64-fedora-gcc 1.5.3 80.67 OK
r-devel-windows-x86_64 1.5.3 5.00 107.00 112.00 NOTE
r-patched-linux-x86_64 1.5.3 3.39 37.85 41.24 NOTE
r-release-linux-x86_64 1.5.3 3.03 37.84 40.87 NOTE
r-release-macos-arm64 1.5.3 64.00 OK
r-release-macos-x86_64 1.5.3 87.00 OK
r-release-windows-x86_64 1.5.3 5.00 98.00 103.00 NOTE
r-oldrel-macos-arm64 1.5.3 66.00 OK
r-oldrel-macos-x86_64 1.5.3 64.00 OK
r-oldrel-windows-x86_64 1.5.3 6.00 97.00 103.00 OK

Check Details

Version: 1.5.3
Check: Rd cross-references
Result: NOTE Found the following Rd file(s) with Rd \link{} targets missing package anchors: flags.Rd: yaml.load Please provide package anchors for all Rd \link{} targets not in the package itself and the base packages. Flavors: r-devel-linux-x86_64-debian-clang, r-devel-linux-x86_64-debian-gcc, r-devel-windows-x86_64, r-patched-linux-x86_64, r-release-linux-x86_64, r-release-windows-x86_64