Last updated on 2025-07-24 20:49:40 CEST.
Flavor | Version | Tinstall | Tcheck | Ttotal | Status | Flags |
---|---|---|---|---|---|---|
r-devel-linux-x86_64-debian-clang | 0.1.9 | 33.92 | 29.24 | 63.16 | NOTE | |
r-devel-linux-x86_64-debian-gcc | 0.1.9 | 23.73 | 23.94 | 47.67 | NOTE | |
r-devel-linux-x86_64-fedora-clang | 0.1.9 | 116.87 | OK | |||
r-devel-linux-x86_64-fedora-gcc | 0.1.9 | 112.12 | OK | |||
r-devel-windows-x86_64 | 0.1.9 | 39.00 | 72.00 | 111.00 | OK | |
r-patched-linux-x86_64 | 0.1.9 | 36.39 | 28.74 | 65.13 | OK | |
r-release-linux-x86_64 | 0.1.9 | 32.44 | 28.44 | 60.88 | OK | |
r-release-macos-arm64 | 0.1.9 | 33.00 | OK | |||
r-release-macos-x86_64 | 0.1.9 | 54.00 | OK | |||
r-release-windows-x86_64 | 0.1.9 | 39.00 | 74.00 | 113.00 | OK | |
r-oldrel-macos-arm64 | 0.1.9 | 31.00 | OK | |||
r-oldrel-macos-x86_64 | 0.1.9 | 42.00 | OK | |||
r-oldrel-windows-x86_64 | 0.1.9 | 48.00 | 88.00 | 136.00 | OK |
Version: 0.1.9
Check: CRAN incoming feasibility
Result: NOTE
Maintainer: ‘Fei Zhou <fei.zhou@outlook.com>’
No Authors@R field in DESCRIPTION.
Please add one, modifying
Authors@R: c(person(given = "Fei",
family = "Zhou",
role = c("aut", "cre"),
email = "fei.zhou@outlook.com"),
person(given = "Yuwen",
family = "Liu",
role = "aut"),
person(given = "Xi",
family = "Lu",
role = "aut"),
person(given = "Jie",
family = "Ren",
role = "aut"),
person(given = "Cen",
family = "Wu",
role = "aut"))
as necessary.
Flavors: r-devel-linux-x86_64-debian-clang, r-devel-linux-x86_64-debian-gcc