Last updated on 2025-07-24 20:49:39 CEST.
Flavor | Version | Tinstall | Tcheck | Ttotal | Status | Flags |
---|---|---|---|---|---|---|
r-devel-linux-x86_64-debian-clang | 0.1.1 | 5.89 | 49.67 | 55.56 | NOTE | |
r-devel-linux-x86_64-debian-gcc | 0.1.1 | 3.76 | 36.71 | 40.47 | NOTE | |
r-devel-linux-x86_64-fedora-clang | 0.1.1 | 89.29 | OK | |||
r-devel-linux-x86_64-fedora-gcc | 0.1.1 | 81.58 | OK | |||
r-devel-windows-x86_64 | 0.1.1 | 7.00 | 65.00 | 72.00 | OK | |
r-patched-linux-x86_64 | 0.1.1 | 5.69 | 46.46 | 52.15 | OK | |
r-release-linux-x86_64 | 0.1.1 | 5.27 | 46.33 | 51.60 | OK | |
r-release-macos-arm64 | 0.1.1 | 29.00 | OK | |||
r-release-macos-x86_64 | 0.1.1 | 47.00 | OK | |||
r-release-windows-x86_64 | 0.1.1 | 7.00 | 66.00 | 73.00 | OK | |
r-oldrel-macos-arm64 | 0.1.1 | 26.00 | OK | |||
r-oldrel-macos-x86_64 | 0.1.1 | 39.00 | OK | |||
r-oldrel-windows-x86_64 | 0.1.1 | 9.00 | 75.00 | 84.00 | OK |
Version: 0.1.1
Check: CRAN incoming feasibility
Result: NOTE
Maintainer: ‘Mélanie Huchon <melanie.huchon@u-bordeaux.fr>’
No Authors@R field in DESCRIPTION.
Please add one, modifying
Authors@R: c(person(given = "Boris",
family = "Hejblum",
role = "aut"),
person(given = "Mélanie",
family = "Huchon",
role = c("aut", "cre"),
email = "melanie.huchon@u-bordeaux.fr"))
as necessary.
Flavors: r-devel-linux-x86_64-debian-clang, r-devel-linux-x86_64-debian-gcc