CRAN Package Check Results for Package robustBLME

Last updated on 2025-07-24 20:49:37 CEST.

Flavor Version Tinstall Tcheck Ttotal Status Flags
r-devel-linux-x86_64-debian-clang 0.1.3 47.93 68.56 116.49 NOTE
r-devel-linux-x86_64-debian-gcc 0.1.3 36.19 52.04 88.23 NOTE
r-devel-linux-x86_64-fedora-clang 0.1.3 207.19 OK
r-devel-linux-x86_64-fedora-gcc 0.1.3 189.52 OK
r-devel-windows-x86_64 0.1.3 60.00 97.00 157.00 OK
r-patched-linux-x86_64 0.1.3 48.77 66.00 114.77 OK
r-release-linux-x86_64 0.1.3 46.26 65.76 112.02 OK
r-release-macos-arm64 0.1.3 58.00 OK
r-release-macos-x86_64 0.1.3 116.00 OK
r-release-windows-x86_64 0.1.3 60.00 98.00 158.00 OK
r-oldrel-macos-arm64 0.1.3 55.00 OK
r-oldrel-macos-x86_64 0.1.3 67.00 OK
r-oldrel-windows-x86_64 0.1.3 71.00 119.00 190.00 OK

Check Details

Version: 0.1.3
Check: CRAN incoming feasibility
Result: NOTE Maintainer: ‘Erlis Ruli <erlisr@yahoo.it>’ Package CITATION file contains call(s) to old-style personList() or as.personList(). Please use c() on person objects instead. Package CITATION file contains call(s) to old-style citEntry(). Please use bibentry() instead. The Description field contains by Ruli et al. (2017) <arXiv:1706.01752>. Please refer to arXiv e-prints via their arXiv DOI <doi:10.48550/arXiv.YYMM.NNNNN>. Flavors: r-devel-linux-x86_64-debian-clang, r-devel-linux-x86_64-debian-gcc