Last updated on 2025-07-23 08:48:59 CEST.
Flavor | Version | Tinstall | Tcheck | Ttotal | Status | Flags |
---|---|---|---|---|---|---|
r-devel-linux-x86_64-debian-clang | 1.4 | 5.64 | 38.50 | 44.14 | OK | |
r-devel-linux-x86_64-debian-gcc | 1.4 | 3.48 | 28.05 | 31.53 | OK | |
r-devel-linux-x86_64-fedora-clang | 1.4 | 75.94 | NOTE | |||
r-devel-linux-x86_64-fedora-gcc | 1.4 | 80.38 | NOTE | |||
r-devel-windows-x86_64 | 1.4 | 9.00 | 53.00 | 62.00 | OK | |
r-patched-linux-x86_64 | 1.4 | 6.48 | 36.18 | 42.66 | OK | |
r-release-linux-x86_64 | 1.4 | 5.46 | 35.98 | 41.44 | OK | |
r-release-macos-arm64 | 1.4 | 37.00 | OK | |||
r-release-macos-x86_64 | 1.4 | 55.00 | OK | |||
r-release-windows-x86_64 | 1.4 | 9.00 | 53.00 | 62.00 | OK | |
r-oldrel-macos-arm64 | 1.4 | 27.00 | OK | |||
r-oldrel-macos-x86_64 | 1.4 | 45.00 | OK | |||
r-oldrel-windows-x86_64 | 1.4 | 10.00 | 63.00 | 73.00 | OK |
Version: 1.4
Check: dependencies in R code
Result: NOTE
Namespace in Imports field not imported from: ‘gtools’
All declared Imports should be used.
Flavors: r-devel-linux-x86_64-fedora-clang, r-devel-linux-x86_64-fedora-gcc