Last updated on 2025-07-24 20:49:34 CEST.
Flavor | Version | Tinstall | Tcheck | Ttotal | Status | Flags |
---|---|---|---|---|---|---|
r-devel-linux-x86_64-debian-clang | 0.3-23 | 175.81 | 92.32 | 268.13 | OK | |
r-devel-linux-x86_64-debian-gcc | 0.3-23 | 117.48 | 65.08 | 182.56 | OK | |
r-devel-linux-x86_64-fedora-clang | 0.3-23 | 830.59 | OK | |||
r-devel-linux-x86_64-fedora-gcc | 0.3-23 | 446.24 | OK | |||
r-devel-windows-x86_64 | 0.3-23 | 198.00 | 117.00 | 315.00 | OK | |
r-patched-linux-x86_64 | 0.3-23 | 160.60 | 87.29 | 247.89 | OK | |
r-release-linux-x86_64 | 0.3-23 | 162.45 | 86.82 | 249.27 | OK | |
r-release-macos-arm64 | 0.3-23 | 99.00 | OK | |||
r-release-macos-x86_64 | 0.3-23 | 154.00 | OK | |||
r-release-windows-x86_64 | 0.3-23 | 191.00 | 116.00 | 307.00 | OK | |
r-oldrel-macos-arm64 | 0.3-23 | 96.00 | NOTE | |||
r-oldrel-macos-x86_64 | 0.3-23 | 137.00 | NOTE | |||
r-oldrel-windows-x86_64 | 0.3-23 | 232.00 | 150.00 | 382.00 | OK |
Version: 0.3-23
Check: installed package size
Result: NOTE
installed size is 7.4Mb
sub-directories of 1Mb or more:
libs 7.3Mb
Flavors: r-oldrel-macos-arm64, r-oldrel-macos-x86_64