Last updated on 2025-07-23 20:50:52 CEST.
Flavor | Version | Tinstall | Tcheck | Ttotal | Status | Flags |
---|---|---|---|---|---|---|
r-devel-linux-x86_64-debian-clang | 0.5.0 | 165.39 | 94.16 | 259.55 | OK | |
r-devel-linux-x86_64-debian-gcc | 0.5.0 | 119.63 | 69.59 | 189.22 | OK | |
r-devel-linux-x86_64-fedora-clang | 0.5.0 | 495.10 | OK | |||
r-devel-linux-x86_64-fedora-gcc | 0.5.0 | 451.48 | OK | |||
r-devel-windows-x86_64 | 0.5.0 | 224.00 | 119.00 | 343.00 | OK | |
r-patched-linux-x86_64 | 0.5.0 | 164.25 | 89.05 | 253.30 | OK | |
r-release-linux-x86_64 | 0.5.0 | 164.28 | 90.95 | 255.23 | OK | |
r-release-macos-arm64 | 0.5.0 | 105.00 | OK | |||
r-release-macos-x86_64 | 0.5.0 | 148.00 | OK | |||
r-release-windows-x86_64 | 0.5.0 | 227.00 | 121.00 | 348.00 | OK | |
r-oldrel-macos-arm64 | 0.5.0 | 114.00 | NOTE | |||
r-oldrel-macos-x86_64 | 0.5.0 | 121.00 | NOTE | |||
r-oldrel-windows-x86_64 | 0.5.0 | 265.00 | 150.00 | 415.00 | NOTE |
Version: 0.5.0
Check: package dependencies
Result: NOTE
Packages suggested but not available for checking:
'gurobi', 'Rcplex', 'rcbc'
Flavors: r-oldrel-macos-arm64, r-oldrel-macos-x86_64, r-oldrel-windows-x86_64
Version: 0.5.0
Check: installed package size
Result: NOTE
installed size is 10.7Mb
sub-directories of 1Mb or more:
doc 3.6Mb
libs 5.9Mb
Flavors: r-oldrel-macos-arm64, r-oldrel-macos-x86_64, r-oldrel-windows-x86_64