CRAN Package Check Results for Package presens

Last updated on 2025-07-24 20:49:34 CEST.

Flavor Version Tinstall Tcheck Ttotal Status Flags
r-devel-linux-x86_64-debian-clang 2.1.0 3.61 31.46 35.07 NOTE
r-devel-linux-x86_64-debian-gcc 2.1.0 2.91 25.72 28.63 NOTE
r-devel-linux-x86_64-fedora-clang 2.1.0 53.70 OK
r-devel-linux-x86_64-fedora-gcc 2.1.0 51.50 OK
r-devel-windows-x86_64 2.1.0 5.00 52.00 57.00 OK
r-patched-linux-x86_64 2.1.0 3.15 30.83 33.98 OK
r-release-linux-x86_64 2.1.0 3.56 30.41 33.97 OK
r-release-macos-arm64 2.1.0 23.00 OK
r-release-macos-x86_64 2.1.0 35.00 OK
r-release-windows-x86_64 2.1.0 5.00 56.00 61.00 OK
r-oldrel-macos-arm64 2.1.0 23.00 OK
r-oldrel-macos-x86_64 2.1.0 32.00 OK
r-oldrel-windows-x86_64 2.1.0 7.00 56.00 63.00 OK

Check Details

Version: 2.1.0
Check: CRAN incoming feasibility
Result: NOTE Maintainer: ‘Matthew A. Birk <matthewabirk@gmail.com>’ No Authors@R field in DESCRIPTION. Please add one, modifying Authors@R: person(given = c("Matthew", "A."), family = "Birk", role = c("aut", "cre"), email = "matthewabirk@gmail.com") as necessary. Flavors: r-devel-linux-x86_64-debian-clang, r-devel-linux-x86_64-debian-gcc