CRAN Package Check Results for Package plogr

Last updated on 2025-07-24 20:49:34 CEST.

Flavor Version Tinstall Tcheck Ttotal Status Flags
r-devel-linux-x86_64-debian-clang 0.2.0 1.48 22.65 24.13 OK
r-devel-linux-x86_64-debian-gcc 0.2.0 1.26 18.64 19.90 OK
r-devel-linux-x86_64-fedora-clang 0.2.0 37.02 OK
r-devel-linux-x86_64-fedora-gcc 0.2.0 34.81 OK
r-devel-windows-x86_64 0.2.0 3.00 52.00 55.00 OK
r-patched-linux-x86_64 0.2.0 3.06 20.11 23.17 OK
r-release-linux-x86_64 0.2.0 1.21 20.29 21.50 OK
r-release-macos-arm64 0.2.0 16.00 OK
r-release-macos-x86_64 0.2.0 30.00 OK
r-release-windows-x86_64 0.2.0 3.00 56.00 59.00 OK
r-oldrel-macos-arm64 0.2.0 21.00 NOTE
r-oldrel-macos-x86_64 0.2.0 35.00 NOTE
r-oldrel-windows-x86_64 0.2.0 2.00 52.00 54.00 NOTE

Check Details

Version: 0.2.0
Check: LazyData
Result: NOTE 'LazyData' is specified without a 'data' directory Flavors: r-oldrel-macos-arm64, r-oldrel-macos-x86_64, r-oldrel-windows-x86_64