CRAN Package Check Results for Package phenex

Last updated on 2025-07-24 20:49:33 CEST.

Flavor Version Tinstall Tcheck Ttotal Status Flags
r-devel-linux-x86_64-debian-clang 1.4-5 6.03 37.50 43.53 NOTE
r-devel-linux-x86_64-debian-gcc 1.4-5 4.53 28.67 33.20 NOTE
r-devel-linux-x86_64-fedora-clang 1.4-5 64.91 OK
r-devel-linux-x86_64-fedora-gcc 1.4-5 62.45 OK
r-devel-windows-x86_64 1.4-5 13.00 63.00 76.00 OK
r-patched-linux-x86_64 1.4-5 5.89 35.60 41.49 OK
r-release-linux-x86_64 1.4-5 5.79 35.51 41.30 OK
r-release-macos-arm64 1.4-5 27.00 OK
r-release-macos-x86_64 1.4-5 42.00 OK
r-release-windows-x86_64 1.4-5 12.00 64.00 76.00 OK
r-oldrel-macos-arm64 1.4-5 24.00 OK
r-oldrel-macos-x86_64 1.4-5 34.00 OK
r-oldrel-windows-x86_64 1.4-5 13.00 69.00 82.00 OK

Check Details

Version: 1.4-5
Check: CRAN incoming feasibility
Result: NOTE Maintainer: ‘Daniel Doktor <daniel.doktor@ufz.de>’ No Authors@R field in DESCRIPTION. Please add one, modifying Authors@R: c(person(given = "Maximilian", family = "Lange", role = "aut"), person(given = "Daniel", family = "Doktor", role = c("aut", "cre"), email = "daniel.doktor@ufz.de")) as necessary. Flavors: r-devel-linux-x86_64-debian-clang, r-devel-linux-x86_64-debian-gcc