Last updated on 2025-07-24 20:49:32 CEST.
Flavor | Version | Tinstall | Tcheck | Ttotal | Status | Flags |
---|---|---|---|---|---|---|
r-devel-linux-x86_64-debian-clang | 2.6 | 32.03 | 246.40 | 278.43 | NOTE | |
r-devel-linux-x86_64-debian-gcc | 2.6 | 22.39 | 152.81 | 175.20 | NOTE | |
r-devel-linux-x86_64-fedora-clang | 2.6 | 476.39 | NOTE | |||
r-devel-linux-x86_64-fedora-gcc | 2.6 | 431.40 | NOTE | |||
r-devel-windows-x86_64 | 2.6 | 34.00 | 235.00 | 269.00 | NOTE | |
r-patched-linux-x86_64 | 2.6 | 27.83 | 223.88 | 251.71 | NOTE | |
r-release-linux-x86_64 | 2.6 | 28.66 | 225.18 | 253.84 | NOTE | |
r-release-macos-arm64 | 2.6 | 98.00 | NOTE | |||
r-release-macos-x86_64 | 2.6 | 207.00 | NOTE | |||
r-release-windows-x86_64 | 2.6 | 34.00 | 240.00 | 274.00 | NOTE | |
r-oldrel-macos-arm64 | 2.6 | 97.00 | NOTE | |||
r-oldrel-macos-x86_64 | 2.6 | 153.00 | NOTE | |||
r-oldrel-windows-x86_64 | 2.6 | 43.00 | 306.00 | 349.00 | NOTE |
Version: 2.6
Check: C++ specification
Result: NOTE
Specified C++11: please drop specification unless essential
Flavors: r-devel-linux-x86_64-debian-clang, r-devel-linux-x86_64-debian-gcc, r-devel-linux-x86_64-fedora-clang, r-devel-linux-x86_64-fedora-gcc, r-devel-windows-x86_64, r-patched-linux-x86_64, r-release-linux-x86_64, r-release-macos-arm64, r-release-macos-x86_64, r-release-windows-x86_64, r-oldrel-macos-arm64, r-oldrel-macos-x86_64, r-oldrel-windows-x86_64