CRAN Package Check Results for Package importar

Last updated on 2025-07-25 20:49:31 CEST.

Flavor Version Tinstall Tcheck Ttotal Status Flags
r-devel-linux-x86_64-debian-clang 0.1.1 1.64 19.04 20.68 NOTE
r-devel-linux-x86_64-debian-gcc 0.1.1 1.35 16.20 17.55 NOTE
r-devel-linux-x86_64-fedora-clang 0.1.1 29.73 OK
r-devel-linux-x86_64-fedora-gcc 0.1.1 27.15 OK
r-devel-windows-x86_64 0.1.1 2.00 50.00 52.00 OK
r-patched-linux-x86_64 0.1.1 1.61 17.12 18.73 OK
r-release-linux-x86_64 0.1.1 1.37 17.21 18.58 OK
r-release-macos-arm64 0.1.1 17.00 OK
r-release-macos-x86_64 0.1.1 30.00 OK
r-release-windows-x86_64 0.1.1 3.00 47.00 50.00 OK
r-oldrel-macos-arm64 0.1.1 14.00 NOTE
r-oldrel-macos-x86_64 0.1.1 22.00 NOTE
r-oldrel-windows-x86_64 0.1.1 4.00 48.00 52.00 NOTE

Check Details

Version: 0.1.1
Check: CRAN incoming feasibility
Result: NOTE Maintainer: ‘Andrea Cantieni <andrea.cantieni@phsz.ch>’ No Authors@R field in DESCRIPTION. Please add one, modifying Authors@R: person(given = "Andrea", family = "Cantieni", role = c("aut", "cre"), email = "andrea.cantieni@phsz.ch") as necessary. Flavors: r-devel-linux-x86_64-debian-clang, r-devel-linux-x86_64-debian-gcc

Version: 0.1.1
Check: LazyData
Result: NOTE 'LazyData' is specified without a 'data' directory Flavors: r-oldrel-macos-arm64, r-oldrel-macos-x86_64, r-oldrel-windows-x86_64