Last updated on 2025-07-23 20:50:44 CEST.
Flavor | Version | Tinstall | Tcheck | Ttotal | Status | Flags |
---|---|---|---|---|---|---|
r-devel-linux-x86_64-debian-clang | 0.1.0 | 5.57 | 50.86 | 56.43 | OK | |
r-devel-linux-x86_64-debian-gcc | 0.1.0 | 4.61 | 37.05 | 41.66 | OK | |
r-devel-linux-x86_64-fedora-clang | 0.1.0 | 84.14 | NOTE | |||
r-devel-linux-x86_64-fedora-gcc | 0.1.0 | 74.62 | NOTE | |||
r-devel-windows-x86_64 | 0.1.0 | 7.00 | 62.00 | 69.00 | OK | |
r-patched-linux-x86_64 | 0.1.0 | 4.92 | 46.47 | 51.39 | OK | |
r-release-linux-x86_64 | 0.1.0 | 5.11 | 46.82 | 51.93 | OK | |
r-release-macos-arm64 | 0.1.0 | 29.00 | OK | |||
r-release-macos-x86_64 | 0.1.0 | 51.00 | OK | |||
r-release-windows-x86_64 | 0.1.0 | 8.00 | 62.00 | 70.00 | OK | |
r-oldrel-macos-arm64 | 0.1.0 | 26.00 | OK | |||
r-oldrel-macos-x86_64 | 0.1.0 | 48.00 | OK | |||
r-oldrel-windows-x86_64 | 0.1.0 | 10.00 | 77.00 | 87.00 | OK |
Version: 0.1.0
Check: dependencies in R code
Result: NOTE
Namespace in Imports field not imported from: ‘dplyr’
All declared Imports should be used.
Flavors: r-devel-linux-x86_64-fedora-clang, r-devel-linux-x86_64-fedora-gcc