CRAN Package Check Results for Package cmenet

Last updated on 2025-07-24 20:49:20 CEST.

Flavor Version Tinstall Tcheck Ttotal Status Flags
r-devel-linux-x86_64-debian-clang 0.1.2 26.59 57.53 84.12 NOTE
r-devel-linux-x86_64-debian-gcc 0.1.2 19.62 44.42 64.04 NOTE
r-devel-linux-x86_64-fedora-clang 0.1.2 142.83 NOTE
r-devel-linux-x86_64-fedora-gcc 0.1.2 128.51 NOTE
r-devel-windows-x86_64 0.1.2 31.00 86.00 117.00 NOTE
r-patched-linux-x86_64 0.1.2 26.38 55.26 81.64 NOTE
r-release-linux-x86_64 0.1.2 26.00 54.98 80.98 NOTE
r-release-macos-arm64 0.1.2 48.00 NOTE
r-release-macos-x86_64 0.1.2 78.00 NOTE
r-release-windows-x86_64 0.1.2 34.00 86.00 120.00 NOTE
r-oldrel-macos-arm64 0.1.2 44.00 NOTE
r-oldrel-macos-x86_64 0.1.2 56.00 NOTE
r-oldrel-windows-x86_64 0.1.2 39.00 107.00 146.00 NOTE

Check Details

Version: 0.1.2
Check: CRAN incoming feasibility
Result: NOTE Maintainer: ‘Simon Mak <sm769@duke.edu>’ No Authors@R field in DESCRIPTION. Please add one, modifying Authors@R: person(given = "Simon", family = "Mak", role = c("aut", "cre"), email = "sm769@duke.edu") as necessary. Flavors: r-devel-linux-x86_64-debian-clang, r-devel-linux-x86_64-debian-gcc

Version: 0.1.2
Check: C++ specification
Result: NOTE Specified C++11: please drop specification unless essential Flavors: r-devel-linux-x86_64-debian-clang, r-devel-linux-x86_64-debian-gcc, r-devel-linux-x86_64-fedora-clang, r-devel-linux-x86_64-fedora-gcc, r-devel-windows-x86_64, r-patched-linux-x86_64, r-release-linux-x86_64, r-release-macos-arm64, r-release-macos-x86_64, r-release-windows-x86_64, r-oldrel-macos-arm64, r-oldrel-macos-x86_64, r-oldrel-windows-x86_64

Version: 0.1.2
Check: dependencies in R code
Result: NOTE Namespace in Imports field not imported from: ‘MASS’ All declared Imports should be used. Flavors: r-devel-linux-x86_64-fedora-clang, r-devel-linux-x86_64-fedora-gcc