CRAN Package Check Results for Package caretSDM

Last updated on 2025-07-23 20:50:36 CEST.

Flavor Version Tinstall Tcheck Ttotal Status Flags
r-devel-linux-x86_64-debian-clang 1.1.0.1 45.65 700.66 746.31 OK
r-devel-linux-x86_64-debian-gcc 1.1.0.1 30.72 435.00 465.72 OK
r-devel-linux-x86_64-fedora-clang 1.1.0.1 1200.23 OK
r-devel-linux-x86_64-fedora-gcc FAIL
r-devel-windows-x86_64 1.1.0.1 44.00 540.00 584.00 OK
r-patched-linux-x86_64 1.1.0.1 49.30 660.01 709.31 OK
r-release-linux-x86_64 1.1.0.1 44.64 658.54 703.18 OK
r-release-macos-arm64 1.1.0.1 181.00 OK
r-release-macos-x86_64 1.1.0.1 373.00 OK
r-release-windows-x86_64 1.1.0.1 46.00 549.00 595.00 OK
r-oldrel-macos-arm64 1.1.0.1 200.00 OK
r-oldrel-macos-x86_64 1.1.0.1 326.00 OK
r-oldrel-windows-x86_64 1.1.0.1 64.00 806.00 870.00 OK

Check Details

Version: 1.1.0.1
Check: tests
Result: FAIL
Flavor: r-devel-linux-x86_64-fedora-gcc