Last updated on 2025-07-24 20:49:18 CEST.
Flavor | Version | Tinstall | Tcheck | Ttotal | Status | Flags |
---|---|---|---|---|---|---|
r-devel-linux-x86_64-debian-clang | 0.5-3 | 11.40 | 82.39 | 93.79 | NOTE | |
r-devel-linux-x86_64-debian-gcc | 0.5-3 | 8.41 | 61.89 | 70.30 | NOTE | |
r-devel-linux-x86_64-fedora-clang | 0.5-3 | 152.42 | OK | |||
r-devel-linux-x86_64-fedora-gcc | 0.5-3 | 144.32 | OK | |||
r-devel-windows-x86_64 | 0.5-3 | 12.00 | 89.00 | 101.00 | OK | |
r-patched-linux-x86_64 | 0.5-3 | 10.12 | 78.03 | 88.15 | OK | |
r-release-linux-x86_64 | 0.5-3 | 10.52 | 77.61 | 88.13 | OK | |
r-release-macos-arm64 | 0.5-3 | 46.00 | OK | |||
r-release-macos-x86_64 | 0.5-3 | 85.00 | OK | |||
r-release-windows-x86_64 | 0.5-3 | 12.00 | 91.00 | 103.00 | OK | |
r-oldrel-macos-arm64 | 0.5-3 | 39.00 | OK | |||
r-oldrel-macos-x86_64 | 0.5-3 | 76.00 | OK | |||
r-oldrel-windows-x86_64 | 0.5-3 | 15.00 | 112.00 | 127.00 | OK |
Version: 0.5-3
Check: CRAN incoming feasibility
Result: NOTE
Maintainer: ‘Dai Feng <daifeng.stat@gmail.com>’
No Authors@R field in DESCRIPTION.
Please add one, modifying
Authors@R: person(given = "Dai",
family = "Feng",
role = c("aut", "cre"),
email = "daifeng.stat@gmail.com")
as necessary.
Flavors: r-devel-linux-x86_64-debian-clang, r-devel-linux-x86_64-debian-gcc