CRAN Package Check Results for Package TimeVTree

Last updated on 2025-07-25 20:49:44 CEST.

Flavor Version Tinstall Tcheck Ttotal Status Flags
r-devel-linux-x86_64-debian-clang 0.3.1 5.20 71.65 76.85 NOTE
r-devel-linux-x86_64-debian-gcc 0.3.1 4.72 52.72 57.44 NOTE
r-devel-linux-x86_64-fedora-clang 0.3.1 121.85 NOTE
r-devel-linux-x86_64-fedora-gcc 0.3.1 120.34 NOTE
r-devel-windows-x86_64 0.3.1 8.00 180.00 188.00 NOTE
r-patched-linux-x86_64 0.3.1 6.74 72.44 79.18 NOTE
r-release-linux-x86_64 0.3.1 6.11 70.05 76.16 NOTE
r-release-macos-arm64 0.3.1 46.00 NOTE
r-release-macos-x86_64 0.3.1 87.00 NOTE
r-release-windows-x86_64 0.3.1 8.00 88.00 96.00 NOTE
r-oldrel-macos-arm64 0.3.1 40.00 NOTE
r-oldrel-macos-x86_64 0.3.1 63.00 NOTE
r-oldrel-windows-x86_64 0.3.1 11.00 107.00 118.00 NOTE

Check Details

Version: 0.3.1
Check: Rd files
Result: NOTE checkRd: (-1) alcohol.Rd:16-18: Lost braces in \itemize; meant \describe ? checkRd: (-1) alcohol.Rd:19-21: Lost braces in \itemize; meant \describe ? checkRd: (-1) alcohol.Rd:22-26: Lost braces in \itemize; meant \describe ? Flavors: r-devel-linux-x86_64-debian-clang, r-devel-linux-x86_64-debian-gcc, r-devel-linux-x86_64-fedora-clang, r-devel-linux-x86_64-fedora-gcc, r-devel-windows-x86_64, r-patched-linux-x86_64, r-release-linux-x86_64, r-release-macos-arm64, r-release-macos-x86_64, r-release-windows-x86_64, r-oldrel-macos-arm64, r-oldrel-macos-x86_64, r-oldrel-windows-x86_64