Last updated on 2025-07-24 20:49:37 CEST.
Flavor | Version | Tinstall | Tcheck | Ttotal | Status | Flags |
---|---|---|---|---|---|---|
r-devel-linux-x86_64-debian-clang | 2.0.4 | 7.59 | 55.42 | 63.01 | NOTE | |
r-devel-linux-x86_64-debian-gcc | 2.0.4 | 5.62 | 42.48 | 48.10 | NOTE | |
r-devel-linux-x86_64-fedora-clang | 2.0.4 | 95.83 | OK | |||
r-devel-linux-x86_64-fedora-gcc | 2.0.4 | 92.26 | OK | |||
r-devel-windows-x86_64 | 2.0.4 | 11.00 | 73.00 | 84.00 | NOTE | |
r-patched-linux-x86_64 | 2.0.4 | 6.76 | 53.10 | 59.86 | NOTE | |
r-release-linux-x86_64 | 2.0.4 | 5.25 | 53.02 | 58.27 | NOTE | |
r-release-macos-arm64 | 2.0.4 | 33.00 | OK | |||
r-release-macos-x86_64 | 2.0.4 | 59.00 | OK | |||
r-release-windows-x86_64 | 2.0.4 | 11.00 | 76.00 | 87.00 | NOTE | |
r-oldrel-macos-arm64 | 2.0.4 | 31.00 | OK | |||
r-oldrel-macos-x86_64 | 2.0.4 | 62.00 | OK | |||
r-oldrel-windows-x86_64 | 2.0.4 | 13.00 | 89.00 | 102.00 | OK |
Version: 2.0.4
Check: Rd cross-references
Result: NOTE
Found the following Rd file(s) with Rd \link{} targets missing package
anchors:
rmad.Rd: Matrix
rsc.Rd: Matrix
Please provide package anchors for all Rd \link{} targets not in the
package itself and the base packages.
Flavors: r-devel-linux-x86_64-debian-clang, r-devel-linux-x86_64-debian-gcc, r-devel-windows-x86_64, r-patched-linux-x86_64, r-release-linux-x86_64, r-release-windows-x86_64