Last updated on 2025-07-23 08:48:56 CEST.
Flavor | Version | Tinstall | Tcheck | Ttotal | Status | Flags |
---|---|---|---|---|---|---|
r-devel-linux-x86_64-debian-clang | 1.0.0 | 12.77 | 203.74 | 216.51 | OK | |
r-devel-linux-x86_64-debian-gcc | 1.0.0 | 10.16 | 147.17 | 157.33 | OK | |
r-devel-linux-x86_64-fedora-clang | 1.0.0 | 332.42 | NOTE | |||
r-devel-linux-x86_64-fedora-gcc | 1.0.0 | 345.47 | NOTE | |||
r-devel-windows-x86_64 | 1.0.0 | 14.00 | 195.00 | 209.00 | OK | |
r-patched-linux-x86_64 | 1.0.0 | 13.80 | 200.06 | 213.86 | OK | |
r-release-linux-x86_64 | 1.0.0 | 12.04 | 196.93 | 208.97 | OK | |
r-release-macos-arm64 | 1.0.0 | 117.00 | OK | |||
r-release-macos-x86_64 | 1.0.0 | 194.00 | OK | |||
r-release-windows-x86_64 | 1.0.0 | 15.00 | 203.00 | 218.00 | OK | |
r-oldrel-macos-arm64 | 1.0.0 | 98.00 | NOTE | |||
r-oldrel-macos-x86_64 | 1.0.0 | 253.00 | NOTE | |||
r-oldrel-windows-x86_64 | 1.0.0 | 20.00 | 268.00 | 288.00 | NOTE |
Version: 1.0.0
Check: dependencies in R code
Result: NOTE
Namespaces in Imports field not imported from:
‘RCurl’ ‘fields’ ‘optmatch’ ‘rcbalance’ ‘utils’
All declared Imports should be used.
Flavors: r-devel-linux-x86_64-fedora-clang, r-devel-linux-x86_64-fedora-gcc
Version: 1.0.0
Check: package dependencies
Result: NOTE
Package suggested but not available for checking: ‘rrelaxiv’
Flavors: r-oldrel-macos-arm64, r-oldrel-macos-x86_64, r-oldrel-windows-x86_64