Last updated on 2025-07-23 20:50:47 CEST.
Flavor | Version | Tinstall | Tcheck | Ttotal | Status | Flags |
---|---|---|---|---|---|---|
r-devel-linux-x86_64-debian-clang | 0.4.0 | 70.24 | 63.38 | 133.62 | NOTE | |
r-devel-linux-x86_64-debian-gcc | 0.4.2 | 57.68 | 49.95 | 107.63 | OK | |
r-devel-linux-x86_64-fedora-clang | 0.4.2 | 241.95 | OK | |||
r-devel-linux-x86_64-fedora-gcc | 0.4.2 | 268.64 | OK | |||
r-devel-windows-x86_64 | 0.4.0 | 80.00 | 94.00 | 174.00 | NOTE | |
r-patched-linux-x86_64 | 0.4.0 | 77.54 | 63.47 | 141.01 | NOTE | |
r-release-linux-x86_64 | 0.4.0 | 80.94 | 63.82 | 144.76 | NOTE | |
r-release-macos-arm64 | 0.4.0 | 80.00 | NOTE | |||
r-release-macos-x86_64 | 0.4.2 | 109.00 | OK | |||
r-release-windows-x86_64 | 0.4.2 | 80.00 | 102.00 | 182.00 | OK | |
r-oldrel-macos-arm64 | 0.4.0 | 65.00 | NOTE | |||
r-oldrel-macos-x86_64 | 0.4.2 | 150.00 | NOTE | |||
r-oldrel-windows-x86_64 | 0.4.2 | 88.00 | 120.00 | 208.00 | OK |
Version: 0.4.0
Check: CRAN incoming feasibility
Result: NOTE
Maintainer: ‘Daniel W. Heck <dheck@uni-marburg.de>’
Found the following URLs which should use \doi (with the DOI name only):
File ‘MCMCprecision-package.Rd’:
https://dx.doi.org/10.1007/s11222-018-9828-0
File ‘stationary_mle.Rd’:
https://doi.org/10.1063/1.4934536
Flavor: r-devel-linux-x86_64-debian-clang
Version: 0.4.0
Check: C++ specification
Result: NOTE
Specified C++11: please drop specification unless essential
Flavors: r-devel-linux-x86_64-debian-clang, r-devel-windows-x86_64, r-patched-linux-x86_64, r-release-linux-x86_64, r-release-macos-arm64, r-oldrel-macos-arm64
Version: 0.4.0
Check: installed package size
Result: NOTE
installed size is 19.6Mb
sub-directories of 1Mb or more:
libs 19.1Mb
Flavor: r-oldrel-macos-arm64
Version: 0.4.0
Check: LazyData
Result: NOTE
'LazyData' is specified without a 'data' directory
Flavor: r-oldrel-macos-arm64
Version: 0.4.2
Check: installed package size
Result: NOTE
installed size is 20.2Mb
sub-directories of 1Mb or more:
libs 19.7Mb
Flavor: r-oldrel-macos-x86_64