CRAN Package Check Results for Package ISOpureR

Last updated on 2025-07-23 20:50:45 CEST.

Flavor Version Tinstall Tcheck Ttotal Status Flags
r-devel-linux-x86_64-debian-clang 1.1.3 14.13 46.34 60.47 NOTE
r-devel-linux-x86_64-debian-gcc 1.1.3 10.57 35.91 46.48 NOTE
r-devel-linux-x86_64-fedora-clang 1.1.3 107.20 NOTE
r-devel-linux-x86_64-fedora-gcc 1.1.3 111.53 NOTE
r-devel-windows-x86_64 1.1.3 24.00 97.00 121.00 NOTE
r-patched-linux-x86_64 1.1.3 16.91 44.53 61.44 NOTE
r-release-linux-x86_64 1.1.3 15.26 44.30 59.56 NOTE
r-release-macos-arm64 1.1.3 49.00 NOTE
r-release-macos-x86_64 1.1.3 69.00 NOTE
r-release-windows-x86_64 1.1.3 23.00 97.00 120.00 NOTE
r-oldrel-macos-arm64 1.1.3 39.00 NOTE
r-oldrel-macos-x86_64 1.1.3 84.00 NOTE
r-oldrel-windows-x86_64 1.1.3 27.00 110.00 137.00 NOTE

Check Details

Version: 1.1.3
Check: Rd files
Result: NOTE checkRd: (-1) ISOpureS1.model_optimize.kappa.kappa_deriv_loglikelihood.Rd:9: Escaped LaTeX specials: \$ checkRd: (-1) ISOpureS1.model_optimize.kappa.kappa_deriv_loglikelihood.Rd:14: Escaped LaTeX specials: \$ checkRd: (-1) ISOpureS1.model_optimize.kappa.kappa_loglikelihood.Rd:11: Escaped LaTeX specials: \$ checkRd: (-1) ISOpureS2.model_optimize.kappa.kappa_deriv_loglikelihood.Rd:11: Escaped LaTeX specials: \$ checkRd: (-1) ISOpureS2.model_optimize.kappa.kappa_loglikelihood.Rd:11: Escaped LaTeX specials: \$ Flavors: r-devel-linux-x86_64-debian-clang, r-devel-linux-x86_64-debian-gcc, r-devel-linux-x86_64-fedora-clang, r-devel-linux-x86_64-fedora-gcc, r-devel-windows-x86_64, r-patched-linux-x86_64, r-release-linux-x86_64, r-release-macos-arm64, r-release-macos-x86_64, r-release-windows-x86_64, r-oldrel-macos-arm64, r-oldrel-macos-x86_64, r-oldrel-windows-x86_64