CRAN Package Check Results for Package FFD

Last updated on 2025-07-24 20:49:24 CEST.

Flavor Version Tinstall Tcheck Ttotal Status Flags
r-devel-linux-x86_64-debian-clang 1.0-9 8.45 69.96 78.41 NOTE
r-devel-linux-x86_64-debian-gcc 1.0-9 7.14 59.15 66.29 NOTE
r-devel-linux-x86_64-fedora-clang 1.0-9 130.28 OK
r-devel-linux-x86_64-fedora-gcc 1.0-9 137.33 OK
r-devel-windows-x86_64 1.0-9 8.00 111.00 119.00 OK
r-patched-linux-x86_64 1.0-9 9.41 63.04 72.45 OK
r-release-linux-x86_64 1.0-9 8.78 62.52 71.30 OK
r-release-macos-arm64 1.0-9 64.00 OK
r-release-macos-x86_64 1.0-9 92.00 OK
r-release-windows-x86_64 1.0-9 7.00 119.00 126.00 OK
r-oldrel-macos-arm64 1.0-9 56.00 OK
r-oldrel-macos-x86_64 1.0-9 69.00 OK
r-oldrel-windows-x86_64 1.0-9 7.00 108.00 115.00 OK

Check Details

Version: 1.0-9
Check: CRAN incoming feasibility
Result: NOTE Maintainer: ‘Ian Kopacka <ian.kopacka@ages.at>’ No Authors@R field in DESCRIPTION. Please add one, modifying Authors@R: person(given = "Ian", family = "Kopacka", role = c("aut", "cre"), email = "ian.kopacka@ages.at") as necessary. Flavors: r-devel-linux-x86_64-debian-clang, r-devel-linux-x86_64-debian-gcc