Last updated on 2025-07-23 20:50:41 CEST.
Flavor | Version | Tinstall | Tcheck | Ttotal | Status | Flags |
---|---|---|---|---|---|---|
r-devel-linux-x86_64-debian-clang | 0.3.5 | 9.71 | 117.37 | 127.08 | NOTE | |
r-devel-linux-x86_64-debian-gcc | 0.3.5 | 7.12 | 79.11 | 86.23 | NOTE | |
r-devel-linux-x86_64-fedora-clang | 0.3.5 | 208.15 | OK | |||
r-devel-linux-x86_64-fedora-gcc | 0.3.5 | 185.37 | OK | |||
r-devel-windows-x86_64 | 0.3.5 | 11.00 | 119.00 | 130.00 | OK | |
r-patched-linux-x86_64 | 0.3.5 | 9.70 | 107.91 | 117.61 | OK | |
r-release-linux-x86_64 | 0.3.5 | 10.15 | 106.67 | 116.82 | OK | |
r-release-macos-arm64 | 0.3.5 | 56.00 | OK | |||
r-release-macos-x86_64 | 0.3.5 | 116.00 | OK | |||
r-release-windows-x86_64 | 0.3.5 | 11.00 | 134.00 | 145.00 | OK | |
r-oldrel-macos-arm64 | 0.3.5 | 48.00 | OK | |||
r-oldrel-macos-x86_64 | 0.3.5 | 80.00 | OK | |||
r-oldrel-windows-x86_64 | 0.3.5 | 14.00 | 153.00 | 167.00 | OK |
Version: 0.3.5
Check: CRAN incoming feasibility
Result: NOTE
Maintainer: ‘Sowmya Chandrasekaran <sowzz.17@gmail.com>’
Package CITATION file contains call(s) to old-style personList() or
as.personList(). Please use c() on person objects instead.
Flavors: r-devel-linux-x86_64-debian-clang, r-devel-linux-x86_64-debian-gcc