CRAN Package Check Results for Package DiscreteWeibull

Last updated on 2025-07-24 20:49:22 CEST.

Flavor Version Tinstall Tcheck Ttotal Status Flags
r-devel-linux-x86_64-debian-clang 1.1 2.85 33.98 36.83 NOTE
r-devel-linux-x86_64-debian-gcc 1.1 2.15 25.13 27.28 NOTE
r-devel-linux-x86_64-fedora-clang 1.1 58.22 OK
r-devel-linux-x86_64-fedora-gcc 1.1 55.02 OK
r-devel-windows-x86_64 1.1 4.00 58.00 62.00 OK
r-patched-linux-x86_64 1.1 3.05 32.33 35.38 OK
r-release-linux-x86_64 1.1 3.10 31.59 34.69 OK
r-release-macos-arm64 1.1 18.00 OK
r-release-macos-x86_64 1.1 53.00 OK
r-release-windows-x86_64 1.1 5.00 58.00 63.00 OK
r-oldrel-macos-arm64 1.1 22.00 OK
r-oldrel-macos-x86_64 1.1 35.00 OK
r-oldrel-windows-x86_64 1.1 6.00 62.00 68.00 OK

Check Details

Version: 1.1
Check: CRAN incoming feasibility
Result: NOTE Maintainer: ‘Alessandro Barbiero <alessandro.barbiero@unimi.it>’ No Authors@R field in DESCRIPTION. Please add one, modifying Authors@R: person(given = "Alessandro", family = "Barbiero", role = c("aut", "cre"), email = "alessandro.barbiero@unimi.it") as necessary. Flavors: r-devel-linux-x86_64-debian-clang, r-devel-linux-x86_64-debian-gcc